{"id":1919,"date":"2026-02-16T23:15:22","date_gmt":"2026-02-16T22:15:22","guid":{"rendered":"https:\/\/www.woodstockenboi.org\/shop\/?page_id=1919"},"modified":"2026-02-23T14:17:34","modified_gmt":"2026-02-23T13:17:34","slug":"woodstockenboi-2026-ticketshop","status":"publish","type":"page","link":"https:\/\/www.woodstockenboi.org\/shop\/","title":{"rendered":"woodstockenboi 2026 Ticketshop"},"content":{"rendered":"\n<p>Alle Details zum Festival findest du unter <a href=\"https:\/\/woodstockenboi.org\">https:\/\/woodstockenboi.org<\/a><\/p>\n\n\n\n<div class=\"wp-block-columns is-layout-flex wp-container-core-columns-is-layout-28f84493 wp-block-columns-is-layout-flex\">\n<div class=\"wp-block-column is-layout-flow wp-block-column-is-layout-flow\"><div class=\"wp-block-image\">\n<figure class=\"aligncenter size-full\"><img loading=\"lazy\" decoding=\"async\" width=\"1600\" height=\"1600\" src=\"https:\/\/www.woodstockenboi.org\/shop\/wp-content\/uploads\/2026\/02\/signal-2026-02-20-164258_002.jpeg\" alt=\"\" class=\"wp-image-2401\" style=\"object-fit:cover\" srcset=\"https:\/\/www.woodstockenboi.org\/shop\/wp-content\/uploads\/2026\/02\/signal-2026-02-20-164258_002.jpeg 1600w, https:\/\/www.woodstockenboi.org\/shop\/wp-content\/uploads\/2026\/02\/signal-2026-02-20-164258_002-300x300.jpeg 300w, https:\/\/www.woodstockenboi.org\/shop\/wp-content\/uploads\/2026\/02\/signal-2026-02-20-164258_002-1024x1024.jpeg 1024w, https:\/\/www.woodstockenboi.org\/shop\/wp-content\/uploads\/2026\/02\/signal-2026-02-20-164258_002-150x150.jpeg 150w, https:\/\/www.woodstockenboi.org\/shop\/wp-content\/uploads\/2026\/02\/signal-2026-02-20-164258_002-768x768.jpeg 768w, https:\/\/www.woodstockenboi.org\/shop\/wp-content\/uploads\/2026\/02\/signal-2026-02-20-164258_002-1536x1536.jpeg 1536w, https:\/\/www.woodstockenboi.org\/shop\/wp-content\/uploads\/2026\/02\/signal-2026-02-20-164258_002-324x324.jpeg 324w, https:\/\/www.woodstockenboi.org\/shop\/wp-content\/uploads\/2026\/02\/signal-2026-02-20-164258_002-416x416.jpeg 416w, https:\/\/www.woodstockenboi.org\/shop\/wp-content\/uploads\/2026\/02\/signal-2026-02-20-164258_002-100x100.jpeg 100w\" sizes=\"auto, (max-width: 1600px) 100vw, 1600px\" \/><\/figure>\n<\/div><\/div>\n\n\n\n<div class=\"wp-block-column is-vertically-aligned-center has-white-color has-text-color has-link-color wp-elements-bb8133e001507c8e4fb5132819a42d95 is-layout-flow wp-block-column-is-layout-flow\">\n<p class=\"has-black-color has-text-color has-link-color has-medium-font-size wp-elements-05809818ab6c43358c5f959e8d431685\">Festivalpass f\u00fcr <strong>Freitag<\/strong> und <strong>Samstag<\/strong><\/p>\n\n\n\n<div class=\"tc-add-to-cart-group-wrap wp-elements-b302ea00b2b96f53262d715576c2fdc3\"><\/div>\r\n                    <div class=\"tc-ticket-price-wrap wp-elements-b302ea00b2b96f53262d715576c2fdc3\">\r\n                        <div class=\"tc-block-inner-wrapper\" style=\"color:var(--wp--preset--color--black);font-size:var(--wp--preset--font-size--huge);\">\r\n                        75\u20ac                    <\/div>\r\n                <\/div>\n\n            <div class=\"tc-add-to-cart-group-wrap wp-elements-f010e48e04de7256fdb8275289f1d70b\"><\/div>\r\n            <div class=\"tc-add-to-cart-wrap tickera wp-elements-f010e48e04de7256fdb8275289f1d70b tc-has-text-color tc-has-link-color tc-has-link-hover-color tc-has-font-size tc-has-background-color\" style=\"--tc-block-text-color:var(--wp--preset--color--black);--tc-block-link-color:var(--wp--preset--color--black);--tc-block-link-hover-color:var(--wp--preset--color--luminous-vivid-orange);--tc-block-font-size:var(--wp--preset--font-size--medium);--tc-block-background-color:var(--wp--preset--color--pale-cyan-blue);\">\r\n                <form class=\"cart_form\"><input type=\"hidden\" id=\"nonce\" name=\"nonce\" value=\"32bba84f31\" \/><input type=\"hidden\" name=\"_wp_http_referer\" value=\"\/shop\/wp-json\/wp\/v2\/pages\/1919\" \/>                                    <div class=\"ticket-quantity\"><div class=\"inner-wrap\"><input type=\"button\" class=\"tickera_button minus\" value=\"-\" \/><input type=\"text\" inputmode=\"numeric\" class=\"tc_quantity_selector\" min=\"1\" max=\"238\" value=\"1\"><input type=\"button\" class=\"tickera_button plus\" value=\"+\" \/><\/div><\/div>\r\n                                        <a href=\"#\" class=\"add_to_cart\" data-button-type=\"buynow\" data-open-method=\"regular\" id=\"ticket_1925\"><span class=\"title\">Add to Cart<\/span><\/a><input type=\"hidden\" name=\"ticket_id\" class=\"ticket_id\" value=\"1925\" \/><\/form>            <\/div>\r\n            \n\n\n\n<p class=\"has-black-color has-text-color has-link-color wp-elements-9ac00cf961d1ea846fe5a532228b76c6\"><\/p>\n<\/div>\n<\/div>\n\n\n\n<div class=\"wp-block-columns is-layout-flex wp-container-core-columns-is-layout-28f84493 wp-block-columns-is-layout-flex\">\n<div class=\"wp-block-column is-layout-flow wp-block-column-is-layout-flow\"><div class=\"wp-block-image\">\n<figure class=\"aligncenter size-full\"><img loading=\"lazy\" decoding=\"async\" width=\"1600\" height=\"1600\" src=\"https:\/\/www.woodstockenboi.org\/shop\/wp-content\/uploads\/2026\/02\/signal-2026-02-20-164258_003.jpeg\" alt=\"\" class=\"wp-image-2403\" style=\"object-fit:cover\" srcset=\"https:\/\/www.woodstockenboi.org\/shop\/wp-content\/uploads\/2026\/02\/signal-2026-02-20-164258_003.jpeg 1600w, https:\/\/www.woodstockenboi.org\/shop\/wp-content\/uploads\/2026\/02\/signal-2026-02-20-164258_003-300x300.jpeg 300w, https:\/\/www.woodstockenboi.org\/shop\/wp-content\/uploads\/2026\/02\/signal-2026-02-20-164258_003-1024x1024.jpeg 1024w, https:\/\/www.woodstockenboi.org\/shop\/wp-content\/uploads\/2026\/02\/signal-2026-02-20-164258_003-150x150.jpeg 150w, https:\/\/www.woodstockenboi.org\/shop\/wp-content\/uploads\/2026\/02\/signal-2026-02-20-164258_003-768x768.jpeg 768w, https:\/\/www.woodstockenboi.org\/shop\/wp-content\/uploads\/2026\/02\/signal-2026-02-20-164258_003-1536x1536.jpeg 1536w, https:\/\/www.woodstockenboi.org\/shop\/wp-content\/uploads\/2026\/02\/signal-2026-02-20-164258_003-324x324.jpeg 324w, https:\/\/www.woodstockenboi.org\/shop\/wp-content\/uploads\/2026\/02\/signal-2026-02-20-164258_003-416x416.jpeg 416w, https:\/\/www.woodstockenboi.org\/shop\/wp-content\/uploads\/2026\/02\/signal-2026-02-20-164258_003-100x100.jpeg 100w\" sizes=\"auto, (max-width: 1600px) 100vw, 1600px\" \/><\/figure>\n<\/div><\/div>\n\n\n\n<div class=\"wp-block-column is-vertically-aligned-center has-white-color has-text-color has-link-color wp-elements-d6ca17ba7810bd769c50fa9a8e1b0af2 is-layout-flow wp-block-column-is-layout-flow\">\n<p class=\"has-black-color has-text-color has-link-color has-medium-font-size wp-elements-ae2deaab2b9651d0adf55f6fcfb92652\">Tagesticket f\u00fcr <strong>Freitag 10. Juli<\/strong><\/p>\n\n\n\n<div class=\"tc-add-to-cart-group-wrap wp-elements-963f16df59478a66dda2910f74b2a10f\"><\/div>\r\n                    <div class=\"tc-ticket-price-wrap wp-elements-963f16df59478a66dda2910f74b2a10f\">\r\n                        <div class=\"tc-block-inner-wrapper\" style=\"color:var(--wp--preset--color--black);font-size:var(--wp--preset--font-size--huge);\">\r\n                        50\u20ac                    <\/div>\r\n                <\/div>\n\n            <div class=\"tc-add-to-cart-group-wrap wp-elements-4491a5c3af14ea1473503d9948e6af6c\"><\/div>\r\n            <div class=\"tc-add-to-cart-wrap tickera wp-elements-4491a5c3af14ea1473503d9948e6af6c tc-has-text-color tc-has-link-color tc-has-link-hover-color tc-has-font-size tc-has-background-color\" style=\"--tc-block-text-color:var(--wp--preset--color--black);--tc-block-link-color:var(--wp--preset--color--black);--tc-block-link-hover-color:var(--wp--preset--color--luminous-vivid-orange);--tc-block-font-size:var(--wp--preset--font-size--medium);--tc-block-background-color:var(--wp--preset--color--pale-cyan-blue);\">\r\n                <form class=\"cart_form\"><input type=\"hidden\" id=\"nonce\" name=\"nonce\" value=\"32bba84f31\" \/><input type=\"hidden\" name=\"_wp_http_referer\" value=\"\/shop\/wp-json\/wp\/v2\/pages\/1919\" \/>                                    <div class=\"ticket-quantity\"><div class=\"inner-wrap\"><input type=\"button\" class=\"tickera_button minus\" value=\"-\" \/><input type=\"text\" inputmode=\"numeric\" class=\"tc_quantity_selector\" min=\"1\" max=\"48\" value=\"1\"><input type=\"button\" class=\"tickera_button plus\" value=\"+\" \/><\/div><\/div>\r\n                                        <a href=\"#\" class=\"add_to_cart\" data-button-type=\"cart\" data-open-method=\"regular\" id=\"ticket_1929\"><span class=\"title\">Add to Cart<\/span><\/a><input type=\"hidden\" name=\"ticket_id\" class=\"ticket_id\" value=\"1929\" \/><\/form>            <\/div>\r\n            \n<\/div>\n<\/div>\n\n\n\n<div class=\"wp-block-columns is-layout-flex wp-container-core-columns-is-layout-28f84493 wp-block-columns-is-layout-flex\">\n<div class=\"wp-block-column is-layout-flow wp-block-column-is-layout-flow\"><div class=\"wp-block-image\">\n<figure class=\"aligncenter size-full\"><img loading=\"lazy\" decoding=\"async\" width=\"1600\" height=\"1600\" src=\"https:\/\/www.woodstockenboi.org\/shop\/wp-content\/uploads\/2026\/02\/signal-2026-02-20-164258_004.jpeg\" alt=\"\" class=\"wp-image-2404\" style=\"object-fit:cover\" srcset=\"https:\/\/www.woodstockenboi.org\/shop\/wp-content\/uploads\/2026\/02\/signal-2026-02-20-164258_004.jpeg 1600w, https:\/\/www.woodstockenboi.org\/shop\/wp-content\/uploads\/2026\/02\/signal-2026-02-20-164258_004-300x300.jpeg 300w, https:\/\/www.woodstockenboi.org\/shop\/wp-content\/uploads\/2026\/02\/signal-2026-02-20-164258_004-1024x1024.jpeg 1024w, https:\/\/www.woodstockenboi.org\/shop\/wp-content\/uploads\/2026\/02\/signal-2026-02-20-164258_004-150x150.jpeg 150w, https:\/\/www.woodstockenboi.org\/shop\/wp-content\/uploads\/2026\/02\/signal-2026-02-20-164258_004-768x768.jpeg 768w, https:\/\/www.woodstockenboi.org\/shop\/wp-content\/uploads\/2026\/02\/signal-2026-02-20-164258_004-1536x1536.jpeg 1536w, https:\/\/www.woodstockenboi.org\/shop\/wp-content\/uploads\/2026\/02\/signal-2026-02-20-164258_004-324x324.jpeg 324w, https:\/\/www.woodstockenboi.org\/shop\/wp-content\/uploads\/2026\/02\/signal-2026-02-20-164258_004-416x416.jpeg 416w, https:\/\/www.woodstockenboi.org\/shop\/wp-content\/uploads\/2026\/02\/signal-2026-02-20-164258_004-100x100.jpeg 100w\" sizes=\"auto, (max-width: 1600px) 100vw, 1600px\" \/><\/figure>\n<\/div><\/div>\n\n\n\n<div class=\"wp-block-column is-vertically-aligned-center has-white-color has-text-color has-link-color wp-elements-93bc88843a2c7071acc717a1e61ffc41 is-layout-flow wp-block-column-is-layout-flow\">\n<p class=\"has-black-color has-text-color has-link-color has-medium-font-size wp-elements-c98dd16a3b873d5141559ec9443f49e4\">Tagesticket f\u00fcr <strong>Samstag 11. Juli<\/strong><\/p>\n\n\n\n<div class=\"tc-add-to-cart-group-wrap wp-elements-e3da41ddc9e74c65e274d166df26306b\"><\/div>\r\n                    <div class=\"tc-ticket-price-wrap wp-elements-e3da41ddc9e74c65e274d166df26306b\">\r\n                        <div class=\"tc-block-inner-wrapper\" style=\"color:var(--wp--preset--color--black);font-size:var(--wp--preset--font-size--huge);\">\r\n                        50\u20ac                    <\/div>\r\n                <\/div>\n\n            <div class=\"tc-add-to-cart-group-wrap wp-elements-7f826efa53b462ad3a953eb5493756ac\"><\/div>\r\n            <div class=\"tc-add-to-cart-wrap tickera wp-elements-7f826efa53b462ad3a953eb5493756ac tc-has-text-color tc-has-link-color tc-has-link-hover-color tc-has-font-size tc-has-background-color\" style=\"--tc-block-text-color:var(--wp--preset--color--black);--tc-block-link-color:var(--wp--preset--color--black);--tc-block-link-hover-color:var(--wp--preset--color--luminous-vivid-orange);--tc-block-font-size:var(--wp--preset--font-size--medium);--tc-block-background-color:var(--wp--preset--color--pale-cyan-blue);\">\r\n                <form class=\"cart_form\"><input type=\"hidden\" id=\"nonce\" name=\"nonce\" value=\"32bba84f31\" \/><input type=\"hidden\" name=\"_wp_http_referer\" value=\"\/shop\/wp-json\/wp\/v2\/pages\/1919\" \/>                                    <div class=\"ticket-quantity\"><div class=\"inner-wrap\"><input type=\"button\" class=\"tickera_button minus\" value=\"-\" \/><input type=\"text\" inputmode=\"numeric\" class=\"tc_quantity_selector\" min=\"1\" max=\"45\" value=\"1\"><input type=\"button\" class=\"tickera_button plus\" value=\"+\" \/><\/div><\/div>\r\n                                        <a href=\"#\" class=\"add_to_cart\" data-button-type=\"cart\" data-open-method=\"regular\" id=\"ticket_1932\"><span class=\"title\">Add to Cart<\/span><\/a><input type=\"hidden\" name=\"ticket_id\" class=\"ticket_id\" value=\"1932\" \/><\/form>            <\/div>\r\n            \n<\/div>\n<\/div>\n\n\n\n<p class=\"has-huge-font-size\"><strong>Abendkassa<\/strong><\/p>\n\n\n\n<p>Tickets k\u00f6nnen auch direkt vor Ort gekauft werden, allerdings nur solange der Vorrat reicht. Preise f\u00fcr die Abendkassa sind:<\/p>\n\n\n\n<p class=\"has-medium-font-size\">Festivalpass: <strong>90\u20ac<\/strong><br>Donnerstag: Freiwillige Spende<br>Freitag: <strong>65\u20ac<\/strong><br>Samstag: <strong>65\u20ac<\/strong><\/p>\n\n\n\n<p>Kinder bis inklusive 14 Jahren d\u00fcrfen das Festival unter Begleitaufsicht kostenlos besuchen.<\/p>\n","protected":false},"excerpt":{"rendered":"<p>Alle Details zum Festival findest du unter https:\/\/woodstockenboi.org Festivalpass f\u00fcr Freitag und Samstag Tagesticket f\u00fcr Freitag 10. Juli Tagesticket f\u00fcr Samstag 11. Juli Abendkassa Tickets k\u00f6nnen auch direkt vor Ort gekauft werden, allerdings nur solange der Vorrat reicht. Preise f\u00fcr die Abendkassa sind: Festivalpass: 90\u20acDonnerstag: Freiwillige SpendeFreitag: 65\u20acSamstag: 65\u20ac Kinder bis inklusive 14 Jahren d\u00fcrfen [&hellip;]<\/p>\n","protected":false},"author":1,"featured_media":0,"parent":0,"menu_order":0,"comment_status":"closed","ping_status":"closed","template":"","meta":{"footnotes":""},"class_list":["post-1919","page","type-page","status-publish","hentry"],"_links":{"self":[{"href":"https:\/\/www.woodstockenboi.org\/shop\/wp-json\/wp\/v2\/pages\/1919","targetHints":{"allow":["GET"]}}],"collection":[{"href":"https:\/\/www.woodstockenboi.org\/shop\/wp-json\/wp\/v2\/pages"}],"about":[{"href":"https:\/\/www.woodstockenboi.org\/shop\/wp-json\/wp\/v2\/types\/page"}],"author":[{"embeddable":true,"href":"https:\/\/www.woodstockenboi.org\/shop\/wp-json\/wp\/v2\/users\/1"}],"replies":[{"embeddable":true,"href":"https:\/\/www.woodstockenboi.org\/shop\/wp-json\/wp\/v2\/comments?post=1919"}],"version-history":[{"count":47,"href":"https:\/\/www.woodstockenboi.org\/shop\/wp-json\/wp\/v2\/pages\/1919\/revisions"}],"predecessor-version":[{"id":2598,"href":"https:\/\/www.woodstockenboi.org\/shop\/wp-json\/wp\/v2\/pages\/1919\/revisions\/2598"}],"wp:attachment":[{"href":"https:\/\/www.woodstockenboi.org\/shop\/wp-json\/wp\/v2\/media?parent=1919"}],"curies":[{"name":"wp","href":"https:\/\/api.w.org\/{rel}","templated":true}]}}